or of 56 and 1484?
28
Calculate the highest common factor of 9396 and 12.
12
What is the greatest common factor of 490 and 30?
10
Calculate the greatest common factor of 49 and 8729.
7
Calculate the highest common factor of 40 and 1272.
8
Calculate the greatest common factor of 517 and 22.
11
Calculate the greatest common factor of 629 and 408.
17
What is the greatest common factor of 52 and 12?
4
Calculate the highest common factor of 1629 and 81.
9
What is the greatest common factor of 63 and 1169?
7
Calculate the greatest common divisor of 575 and 161.
23
What is the greatest common divisor of 2330 and 230?
10
What is the greatest common factor of 39 and 15704?
13
What is the greatest common divisor of 79 and 1264?
79
Calculate the greatest common factor of 12 and 24.
12
Calculate the highest common divisor of 120 and 1944.
24
Calculate the greatest common divisor of 66 and 88.
22
Calculate the highest common factor of 247 and 13.
13
What is the greatest common factor of 75 and 255?
15
Calculate the greatest common factor of 3495 and 285.
15
Calculate the highest common divisor of 168 and 24.
24
What is the highest common divisor of 90 and 1290?
30
Calculate the highest common divisor of 4814 and 58.
58
What is the greatest common divisor of 5481 and 378?
189
Calculate the highest common divisor of 102 and 374.
34
What is the highest common divisor of 4 and 122?
2
What is the greatest common divisor of 354 and 11092?
118
What is the highest common factor of 40 and 32?
8
What is the highest common divisor of 693 and 609?
21
Calculate the greatest common divisor of 78 and 2548.
26
What is the highest common divisor of 36 and 30?
6
Calculate the highest common divisor of 210 and 84.
42
What is the highest common factor of 37 and 4033?
37
What is the greatest common divisor of 1150 and 46?
46
What is the greatest common divisor of 8 and 184?
8
Calculate the highest common factor of 7112 and 56.
56
What is the greatest common divisor of 25 and 1450?
25
Calculate the greatest common factor of 602 and 14.
14
Calculate the greatest common divisor of 2782 and 78.
26
Calculate the highest common divisor of 3680 and 30.
10
What is the greatest common divisor of 11296 and 32?
32
Calculate the greatest common factor of 3276 and 14.
14
What is the greatest common factor of 141 and 799?
47
Calculate the greatest common factor of 1562 and 11.
11
Calculate the highest common factor of 705 and 45.
15
Calculate the greatest common divisor of 39 and 7878.
39
Calculate the greatest common factor of 6 and 42.
6
What is the greatest common divisor of 24 and 4448?
8
Calculate the highest common divisor of 438 and 3723.
219
Calculate the greatest common divisor of 16 and 200.
8
What is the highest common factor of 110 and 170?
10
Calculate the greatest common divisor of 1185 and 2607.
237
What is the greatest common divisor of 13 and 2977?
13
What is the greatest common factor of 57 and 42?
3
Calculate the highest common factor of 1038 and 18.
6
Calculate the greatest common factor of 8 and 17.
1
Calculate the greatest common factor of 83 and 23.
1
Calculate the greatest common factor of 56 and 875.
7
Calculate the highest common divisor of 1 and 213.
1
Calculate the highest common factor of 888 and 1104.
24
Calculate the highest common factor of 24 and 708.
12
Calculate the greatest common factor of 5328 and 336.
48
Calculate the greatest common factor of 1744 and 112.
16
What is the greatest common divisor of 80 and 176?
16
Calculate the greatest common factor of 165 and 440.
55
What is the highest common factor of 5 and 3235?
5
Calculate the greatest common factor of 80 and 440.
40
Calculate the greatest common factor of 377 and 58.
29
What is the highest common factor of 84 and 1659?
21
Calculate the highest common divisor of 207 and 92.
23
Calculate the greatest common divisor of 12 and 38.
2
Calculate the highest common factor of 7800 and 225.
75
What is the greatest common divisor of 7769 and 17?
17
Calculate the greatest common factor of 25 and 189.
1
What is the greatest common divisor of 20 and 95?
5
Calculate the highest common divisor of 923 and 71.
71
What is the highest common divisor of 775 and 50?
25
What is the highest common divisor of 141 and 47?
47
What is the greatest common divisor of 53 and 32171?
53
Calculate the highest common divisor of 90 and 1296.
18
Calculate the highest common factor of 195 and 480.
15
What is the highest common factor of 1372 and 4?
4
What is the highest common factor of 85 and 2567?
17
What is the highest common divisor of 580 and 812?
116
Calculate the highest common factor of 2751 and 131.
131
What is the greatest common factor of 876 and 219?
219
What is the highest common divisor of 152 and 8?
8
What is the highest common divisor of 392 and 32?
8
What is the greatest common divisor of 440 and 264?
88
Calculate the greatest common factor of 31 and 837.
31
Calculate the highest common factor of 10 and 5380.
10
Calculate the highest common factor of 11 and 4026.
11
Calculate the greatest common divisor of 423 and 45.
9
What is the highest common factor of 3560 and 360?
40
What is the highest common divisor of 62 and 6913?
31
What is the greatest common factor of 35 and 35?
35
Calculate the greatest common divisor of 21 and 7980.
21
Calculate the greatest common factor of 273 and 156.
39
What is the greatest common factor of 391 and 161?
23
What is the greatest common divisor of 474 and 6?
6
What is the greatest common factor of 114 and 12?
6
What is the greatest common divisor of 111 and 74?
37
What is the highest common divisor of 13393 and 227?
227
Calculate the greatest common factor of 31 and 2449.
31
What is the greatest common factor of 84 and 3108?
84
What is the greatest common divisor of 14 and 4151?
7
What is the highest common factor of 24 and 243?
3
What is the greatest common factor of 3 and 33?
3
What is the greatest common factor of 285 and 6954?
57
What is the highest common divisor of 5625 and 150?
75
Calculate the greatest common factor of 82 and 656.
82
What is the greatest common divisor of 235 and 47?
47
What is the highest common divisor of 2507 and 138?
23
What is the greatest common factor of 24 and 352?
8
What is the greatest common factor of 456 and 24?
24
What is the greatest common divisor of 920 and 80?
40
Calculate the highest common factor of 66 and 44.
22
Calculate the greatest common divisor of 90 and 72.
18
Calculate the greatest common divisor of 430 and 129.
43
Calculate the highest common divisor of 4498 and 442.
26
What is the highest common divisor of 11 and 3762?
11
Calculate the highest common factor of 210 and 84.
42
Calculate the highest common divisor of 1512 and 7.
7
What is the highest common divisor of 462 and 1925?
77
Calculate the greatest common divisor of 43 and 16039.
43
Calculate the greatest common factor of 189 and 105.
21
Calculate the greatest common divisor of 142 and 17963.
71
What is the greatest common divisor of 455 and 39?
13
What is the highest common factor of 102 and 9622?
34
Calculate the greatest common divisor of 410 and 80.
10
Calculate the highest common divisor of 47 and 658.
47
What is the greatest common divisor of 140 and 7756?
28
What is the greatest common divisor of 201 and 1273?
67
What is the highest common factor of 705 and 282?
141
Calculate the greatest common divisor of 840 and 770.
70
Calculate the highest common factor of 3 and 6933.
3
Calculate the greatest common divisor of 334 and 2.
2
What is the greatest common divisor of 264 and 66?
66
What is the highest common divisor of 10770 and 18?
6
What is the highest common factor of 60 and 14160?
60
What is the highest common divisor of 800 and 75?
25
What is the highest common divisor of 176 and 4512?
16
Calculate the greatest common divisor of 96 and 64.
32
What is the highest common factor of 357 and 147?
21
Calculate the highest common factor of 155 and 5.
5
Calculate the highest common divisor of 23 and 368.
23
Calculate the greatest common factor of 220 and 2420.
220
What is the highest common factor of 705 and 15?
15
Calculate the highest common divisor of 28 and 4.
4
Calculate the highest common divisor of 30 and 140.
10
What is the greatest common factor of 330 and 30?
